 + 2*y - 108. Let n be 4/k + r/(-33). Let f(w) = -w**2 - 6*w - 3. Calculate f(n).
6
Suppose -15*n + 17 = -73. Let m(w) = 44 + 11*w - 42 - n*w. Calculate m(-5).
-23
Let g(n) = 28*n - 19. Let q(t) = -17*t + 18. Let w(a) = 2*g(a) + 3*q(a). Give w(7).
51
Suppose -2*c + 9*x - 14*x - 10 = 0, -12 = -4*c - 2*x. Suppose 3*l = 2*i - 4, 5*i - 4*l = l + 10. Let p(y) = -y - y**i - 4 + 0*y + 8*y. Give p(c).
6
Let u(l) = l**3 - 6*l**2 + 26*l + 1. Let o(g) = -g**2 + 5*g. Let b be (8/(-12))/(-1)*-39. Let q = b - -28. Let c(n) = q*u(n) - 11*o(n). What is c(2)?
8
Let q(r) = -12*r + 310. Let u(c) = 18*c - 450. Let j(l) = 10*q(l) + 7*u(l). Determine j(9).
4
Let m be (-638)/110 + 48/(-40). Let b(s) = 2*s**2 - 3*s + 5. What is b(m)?
124
Let o(b) be the first derivative of -1/6*b**3 - 1/8*b**4 - 1/60*b**5 + 7/2*b**2 - 7 + 0*b. Let k(t) be the second derivative of o(t). Calculate k(-2).
1
Let b = 561 - 561. Let c(m) = 0 + m**3 + 2 - 2 - m + b*m**2 - 5*m**2 + 3. Determine c(3).
-18
Let o(u) be the second derivative of -2*u**3 - 5*u**2/2 + 1208*u + 2. What is o(-4)?
43
Let z(p) = -2*p**2 + 7*p + 3. Let i(v) = 3*v**3 + 16*v**2 - 12*v + 7. Let r be i(-6). Calculate z(r).
-46
Let u(z) = z**3 - 5*z**2 + 3*z - 12. Let k be (10 + (7 - 15))/(69/(-15) - -5). Calculate u(k).
3
Let n(q) = 11*q**2 - q - 10. Let i(f) = -13*f**2 + f + 8. Let o(y) = 5*i(y) + 4*n(y). What is o(-1)?
-22
Let s(g) = -64*g + 4117. Let m be s(64). Let c(v) = -v**3 + 23*v**2 - 43*v + 27. Give c(m).
6
Let u(p) = p**2 + 14*p - 61. Suppose -4*f + 2*n = 68, 10*n + 40 = -2*f + 8*n. Calculate u(f).
11
Let r(n) = -2*n**2 - 13*n + 19. Let c be r(-7). Let u(j) = -3 - c*j + 17*j - 8*j. Give u(-4).
9
Let g(o) = -9*o - 756 - 816 + 1494. What is g(-3)?
-51
Let g = -74 + 91. Let l(q) = -1 - 5*q - 7*q - 4*q + g*q. Calculate l(4).
3
Let p(b) = -6*b - 22. Let m(f) = -99*f - 605. Let d be m(-6). Calculate p(d).
44
Let f(d) be the first derivative of -d**4/6 + 2*d**3/3 - 73*d**2 + 94. Let z(n) be the second derivative of f(n). What is z(-4)?
20
Let g(x) be the second derivative of -x**3/3 - 5*x**2/2 + 33*x + 247. Suppose 5*s = p - 34, 7*p = -3*s + 2*p - 26. Calculate g(s).
9
Let g be -3 - (85/(-17) + -8). Let t(a) = a**3 - 11*a**2 + 16*a - 66. What is t(g)?
-6
Let q(p) be the second derivative of 1/20*p**5 - 4*p + 5/2*p**2 + 1/2*p**3 + 5 - 1/2*p**4. Calculate q(6).
23
Let k(n) = n - 63. Let y(d) = 29*d + 82. Let j(b) = 2*k(b) + y(b). Give j(4).
80
Let a be 569*(-2 - -1) - (0 + 1). Let m be a/(-50) + -1*(-2)/(-5). Let l(n) = 12*n + 10*n - 30*n + m*n. Give l(1).
3
Let f = -38 - -41. Let z(v) = 6*v**3 - v**2 - 4*v + 1. Let q(h) = h**3 + h**2 - 2*h. Let y(c) = -4*q(c) + z(c). Give y(f).
22
Let c(u) = -u**2 - 104*u + 419. Let l be c(4). Let m(n) = -n**3 - 11*n**2 + 22*n - 45. Determine m(l).
7
Let f(h) = h**2 - 12*h - 4*h - 6 + 14*h. Give f(5).
9
Let y(x) = 50*x - 53*x + 8 + 3 - 4 + 2. Give y(9).
-18
Let w(z) = -9 - 1 + 2*z + 2 - 2. Let f be w(5). Suppose f = -0*y - 2*y + 6. Let u(d) = d**2 - 4*d + 2. Calculate u(y).
-1
Let f(c) = -123*c - 73. Let o(i) = 48*i + 29. Let j(x) = -9*f(x) - 23*o(x). Give j(5).
5
Let c(z) = -1698 + 8*z - 1730 + 7*z**2 + 3408 - z**3 + 0*z**2. Give c(6).
64
Let p(g) = 2*g**2 + 11*g + 29. Let s = 1653 - 1657. Determine p(s).
17
Let q(y) = -2*y**2 - 5*y + 3. Let j = 3118 + -3116. Determine q(j).
-15
Suppose 44*x - 330 = -382 - 476. Let k(f) = f**2 + 11*f - 18. Calculate k(x).
-6
Let s(j) = 3*j**3 + j**2 + 4*j - 2. Let c(i) = 4*i**3 + 2*i**2 + 4*i - 2. Let t(f) = -4*c(f) + 5*s(f). Let r be 3471/(-801) - 1/(-3). Give t(r).
-2
Let g = 23 + -21. Suppose -n + g*n + 5*u - 2 = 0, 3*n + 5*u = 6. Let i(s) = 2 - 4 + 0 + s**2 - n*s. Calculate i(3).
1
Let q(x) = 1600*x**3 + 1 + 0 + x - 823*x**3 - 713*x**3. Calculate q(-1).
-64
Let h be 2/(-5) - 27/(-5). Let g(k) = -7185 + 11*k + 7*k**2 - 7183 + 14360. Let z(m) = 6*m**2 + 10*m - 8. Let a(o) = h*g(o) - 6*z(o). What is a(-7)?
-6
Let c = -22 - -13. Let u = 6 + c. Let t(k) be the first derivative of -k**3/3 - 5*k**2/2 - 4*k + 10898. Determine t(u).
2
Let w be 3*2/(-10)*5. Let j(s) = -12*s + 6*s + 12*s - 11*s. Calculate j(w).
15
Let o(g) = -3*g - 20. Let k(i) = -26*i - 53. Let y(q) = -k(q) + o(q). Determine y(-4).
-59
Let m = -44 - -43. Let f(o) = -4*o - 5*o + 4*o - 15*o**3 + 6*o. Determine f(m).
14
Let z(r) = 3*r**2 + 21*r - 26. Let w(k) = -4*k**2 - 32*k + 57. Let p(j) = 3*w(j) + 5*z(j). What is p(-6)?
95
Suppose 0 = -5*p - 10 - 15, 2*p = 2*x + 2. Let l(n) = -n**3 - 9*n**2 - 14*n - 8. Give l(x).
-32
Let o(t) = t + 14*t + 0*t + 12 - 42*t + t**2 + 11*t. Let a(g) = g**2 - 14*g + 11. Let i(d) = 5*a(d) - 4*o(d). Let b = -8 - -14. Give i(b).
7
Let j(t) be the third derivative of 0*t - 21*t**2 - 2*t**3 + 1 - 1/6*t**4. Calculate j(-9).
24
Let i be (-1 + 2 + -2)*(4 - -1). Let g = 67 + -72. Let k(m) = 5*m - 17. Let s(w) = -4*w + 16. Let a(u) = g*k(u) - 6*s(u). What is a(i)?
-6
Let x(q) be the first derivative of -q**5/60 - q**4/24 + 4*q**3/3 + 77*q**2/2 + 57. Let u(c) be the second derivative of x(c). What is u(-6)?
-22
Let y be -9 - 3/3*(12 + -15). Let z(q) = -3*q - 3*q + 16 + 9*q. Determine z(y).
-2
Let n = 5221 + -5220. Let q(z) = -11*z**3 + 3*z**2 - 4*z + 3. What is q(n)?
-9
Suppose 4*w + c = 33, -114*w - 4*c = -116*w + 12. Let f(a) be the first derivative of -3*a**2/2 - 6*a - 17. Determine f(w).
-30
Suppose -2*u = 5 - 13. Suppose -5*g + 5*m - 11 = 9, 5*g + m - u = 0. Suppose 4 = t + h, g = -t + 2*t - 5*h + 2. Let x(i) = i + 4. Calculate x(t).
7
Let h(s) = s**2 + 19*s + 116. Suppose -8*r = 326 - 254. Calculate h(r).
26
Let w(f) = f**3 + 6*f**2 - 18*f - 8. Let u be w(-8). Suppose u*i + 183 = -41. Let g = -28 - i. Let t(o) = -o**2 + 3. Give t(g).
3
Suppose -122 = -c - 119. Let r(a) = -16*a**2 + a**3 - 19*a + 10*a**2 + 5*a**2 + 0*a**c + 22*a + 2. Determine r(-2).
-16
Let g(z) = z**3 + 5*z**2 + 10*z + 18. Let w be 14 + -1*(17 + 2) + 0 + 1. Determine g(w).
-6
Let n(s) = -6*s + 186*s**3 - 187*s**3 - 294 - 5*s**2 + 288. Determine n(-4).
2
Suppose -11*y = -1184 - 532. Let v(s) = 7*s**2 - 12 + y*s**3 + 163*s**3 - 318*s**3 - 11*s. Calculate v(-8).
12
Let c(y) = -y**3 + 7*y**2 - 4*y - 6. Suppose -673 = -6*t + 65. Let i = 129 - t. Calculate c(i).
6
Let m(h) = -2*h**3 - 6*h**2 - 3*h - 2. Let l(v) = 3*v**3 + 8*v**2 + 3*v + 2. Suppose -z + 46 = 43. Let s(w) = z*l(w) + 4*m(w). Give s(-2).
-4
Let t(r) = -4*r - 99. Let c(p) = -p + 26. Let f(v) = -2*c(v) - t(v). What is f(-8)?
-1
Let x(y) = 10*y**2 + 5810*y**3 - 2904*y**3 - 2907*y**3 - 12*y**2 + 16*y - 76 - 17*y**2. Determine x(-20).
4
Let s(p) = -24*p + 0*p + 29*p + 12 + p**2 + 13*p + 33. Give s(-15).
0
Let n(j) = 5*j - 13. Let p(k) = -4*k + 12. Let x(b) = -5*n(b) - 6*p(b). Let r = 6418 + -6422. Give x(r).
-3
Let r(q) be the third derivative of q**6/120 + q**5/10 + 5*q**4/24 + 5*q**3/6 + 7*q**2 - q. Suppose 2*a - 55 = -3*a. Let n = -16 + a. What is r(n)?
5
Let h(o) be the third derivative of -o**5/5 + 5*o**4/24 - o**3/3 + 81*o**2 + o. Give h(1).
-9
Suppose 424*u = 418*u - 12. Let t(k) = -16*k + 14. Let p(y) = -4*y + 3. Let m(a) = u*t(a) + 9*p(a). What is m(-6)?
23
Let x(q) = -3*q - 17. Let d(f) = -4*f - 32. Let t(i) = 4*d(i) - 7*x(i). What is t(-4)?
-29
Let b(g) = g**3 + 10*g**2 - 2*g + 5. Let r(q) = 5*q - 34. Let d be r(8). Let j be ((-9)/d)/(12/80). Give b(j).
25
Let j(a) = 3*a - 4. Let c(r) = -r**2 - 35*r + 46. Let v(k) = 2*c(k) + 23*j(k). Calculate v(1).
-3
Suppose -8 = w - 5*w. Let z(d) = -d. Let t(a) = -8*a + 1. Suppose -2*p - 2*x = -6, x = 1 + 3. Let v(s) = p*t(s) + 6*z(s). What is v(w)?
3
Let r(k) = 114*k - 227. Let c be r(2). Suppose 3*d = 6*d - 15, -2*a + 58 = 4*d. Let g(u) = -a*u**2 - 14*u**2 + 19*u**2 - u. Give g(c).
-15
Let l(i) be the first derivative of -i**5/60 + i**4/3 - i**3/3 - 2*i**2 + 6*i - 8. Let t(x) be the second derivative of l(x). What is t(8)?
-2
Let i(y) = -6*y + 3*y + 37 - y - 110 + 61. Calculate i(0).
-12
Let w(z) be the second derivative of -2*z**3 - 9*z**2/2 - 991*z. Determine w(-1).
3
Let j(r) = -20*r + 1083. Let d be j(54). Let l(a) = -a**3 + 5*a**2 - 3*a + 6. Give l(d).
15
Let a be (-23)/46*((-2 - 0) + 4). Let s(n) = 0*n**2 + 2 - 4*n**2 + 395*n**3 + 2*n**2 - 401*n**3 + n. Calculate s(a).
5
Let m(r) = 4*r - 60 + 58 - r**3 - 3*r. Suppose 2*k - 164 = 6*k. Let y = k + 39. Determine m(y).
4
Let d be (15/10 + -2)*